{"id":13,"date":"2026-05-05T12:43:05","date_gmt":"2026-05-05T18:43:05","guid":{"rendered":"https:\/\/grupobasilico.com\/tenedorlibre\/?page_id=13"},"modified":"2026-05-06T13:25:37","modified_gmt":"2026-05-06T19:25:37","slug":"tenedor-libre","status":"publish","type":"page","link":"https:\/\/grupobasilico.com\/tenedorlibre\/","title":{"rendered":"Tenedor Libre"},"content":{"rendered":"\t\t<div data-elementor-type=\"wp-post\" data-elementor-id=\"13\" class=\"elementor elementor-13\" data-elementor-post-type=\"page\">\n\t\t\t\t<div class=\"elementor-element elementor-element-d08822e e-flex e-con-boxed e-con e-parent\" data-id=\"d08822e\" data-element_type=\"container\" data-e-type=\"container\" id=\"main-wrapper\" data-settings=\"{&quot;background_background&quot;:&quot;gradient&quot;}\">\n\t\t\t\t\t<div class=\"e-con-inner\">\n\t\t<div class=\"elementor-element elementor-element-1b965b5 e-con-full text-container e-flex e-con e-child\" data-id=\"1b965b5\" data-element_type=\"container\" data-e-type=\"container\" data-settings=\"{&quot;background_background&quot;:&quot;classic&quot;,&quot;position&quot;:&quot;fixed&quot;}\">\n\t\t<div class=\"elementor-element elementor-element-e1d6fad e-con-full e-flex e-con e-child\" data-id=\"e1d6fad\" data-element_type=\"container\" data-e-type=\"container\">\n\t\t<div class=\"elementor-element elementor-element-da76b6e e-con-full e-flex e-con e-child\" data-id=\"da76b6e\" data-element_type=\"container\" data-e-type=\"container\">\n\t\t\t\t<div class=\"elementor-element elementor-element-5b8fb11 elementor-widget elementor-widget-image\" data-id=\"5b8fb11\" data-element_type=\"widget\" data-e-type=\"widget\" data-widget_type=\"image.default\">\n\t\t\t\t\t\t\t\t\t\t\t\t\t\t\t<img fetchpriority=\"high\" decoding=\"async\" width=\"800\" height=\"260\" src=\"https:\/\/grupobasilico.com\/tenedorlibre\/wp-content\/uploads\/TENEDOR-LIBRE.png\" class=\"attachment-large size-large wp-image-61\" alt=\"\" srcset=\"https:\/\/grupobasilico.com\/tenedorlibre\/wp-content\/uploads\/TENEDOR-LIBRE.png 1000w, https:\/\/grupobasilico.com\/tenedorlibre\/wp-content\/uploads\/TENEDOR-LIBRE-300x98.png 300w, https:\/\/grupobasilico.com\/tenedorlibre\/wp-content\/uploads\/TENEDOR-LIBRE-768x250.png 768w\" sizes=\"(max-width: 800px) 100vw, 800px\" \/>\t\t\t\t\t\t\t\t\t\t\t\t\t\t\t<\/div>\n\t\t\t\t<\/div>\n\t\t<div class=\"elementor-element elementor-element-c5f5396 e-con-full e-flex e-con e-child\" data-id=\"c5f5396\" data-element_type=\"container\" data-e-type=\"container\">\n\t\t\t\t<div class=\"elementor-element elementor-element-e7b429a elementor-widget elementor-widget-image\" data-id=\"e7b429a\" data-element_type=\"widget\" data-e-type=\"widget\" data-widget_type=\"image.default\">\n\t\t\t\t\t\t\t\t\t\t\t\t\t\t\t<img decoding=\"async\" width=\"800\" height=\"227\" src=\"https:\/\/grupobasilico.com\/tenedorlibre\/wp-content\/uploads\/logo-brusketa-2-1024x291.png\" class=\"attachment-large size-large wp-image-22\" alt=\"\" srcset=\"https:\/\/grupobasilico.com\/tenedorlibre\/wp-content\/uploads\/logo-brusketa-2-1024x291.png 1024w, https:\/\/grupobasilico.com\/tenedorlibre\/wp-content\/uploads\/logo-brusketa-2-300x85.png 300w, https:\/\/grupobasilico.com\/tenedorlibre\/wp-content\/uploads\/logo-brusketa-2-768x218.png 768w, https:\/\/grupobasilico.com\/tenedorlibre\/wp-content\/uploads\/logo-brusketa-2-1536x437.png 1536w, https:\/\/grupobasilico.com\/tenedorlibre\/wp-content\/uploads\/logo-brusketa-2-2048x582.png 2048w\" sizes=\"(max-width: 800px) 100vw, 800px\" \/>\t\t\t\t\t\t\t\t\t\t\t\t\t\t\t<\/div>\n\t\t\t\t<\/div>\n\t\t\t\t<\/div>\n\t\t\t\t<\/div>\n\t\t<div class=\"elementor-element elementor-element-7616ea7 e-con-full e-flex e-con e-child\" data-id=\"7616ea7\" data-element_type=\"container\" data-e-type=\"container\" id=\"img-container\">\n\t\t<div class=\"elementor-element elementor-element-38bb7b9 e-con-full section e-flex e-con e-child\" data-id=\"38bb7b9\" data-element_type=\"container\" data-e-type=\"container\">\n\t\t\t\t<div class=\"elementor-element elementor-element-ed04360 elementor-widget elementor-widget-heading\" data-id=\"ed04360\" data-element_type=\"widget\" data-e-type=\"widget\" data-widget_type=\"heading.default\">\n\t\t\t\t\t<h2 class=\"elementor-heading-title elementor-size-default\">Cada d\u00eda una ESPECIALIDAD DIFERENTE<\/h2>\t\t\t\t<\/div>\n\t\t\t\t<div class=\"elementor-element elementor-element-c175312 elementor-widget elementor-widget-heading\" data-id=\"c175312\" data-element_type=\"widget\" data-e-type=\"widget\" data-widget_type=\"heading.default\">\n\t\t\t\t\t<h2 class=\"elementor-heading-title elementor-size-default\">lunes<br>lunes<br>lunes<\/h2>\t\t\t\t<\/div>\n\t\t\t\t<div class=\"elementor-element elementor-element-1be8cb2 elementor-widget elementor-widget-heading\" data-id=\"1be8cb2\" data-element_type=\"widget\" data-e-type=\"widget\" data-widget_type=\"heading.default\">\n\t\t\t\t\t<h1 class=\"elementor-heading-title elementor-size-default\">Camarones Empanizados<\/h1>\t\t\t\t<\/div>\n\t\t\t\t<div class=\"elementor-element elementor-element-7a986bb elementor-widget elementor-widget-image\" data-id=\"7a986bb\" data-element_type=\"widget\" data-e-type=\"widget\" data-widget_type=\"image.default\">\n\t\t\t\t\t\t\t\t\t\t\t\t\t\t\t<img decoding=\"async\" width=\"1536\" height=\"1024\" src=\"https:\/\/grupobasilico.com\/tenedorlibre\/wp-content\/uploads\/camarones4.png\" class=\"attachment-full size-full wp-image-378\" alt=\"\" srcset=\"https:\/\/grupobasilico.com\/tenedorlibre\/wp-content\/uploads\/camarones4.png 1536w, https:\/\/grupobasilico.com\/tenedorlibre\/wp-content\/uploads\/camarones4-300x200.png 300w, https:\/\/grupobasilico.com\/tenedorlibre\/wp-content\/uploads\/camarones4-1024x683.png 1024w, https:\/\/grupobasilico.com\/tenedorlibre\/wp-content\/uploads\/camarones4-768x512.png 768w\" sizes=\"(max-width: 1536px) 100vw, 1536px\" \/>\t\t\t\t\t\t\t\t\t\t\t\t\t\t\t<\/div>\n\t\t\t\t<\/div>\n\t\t<div class=\"elementor-element elementor-element-826ce0e e-con-full section e-flex e-con e-child\" data-id=\"826ce0e\" data-element_type=\"container\" data-e-type=\"container\">\n\t\t\t\t<div class=\"elementor-element elementor-element-c34a37a elementor-widget elementor-widget-heading\" data-id=\"c34a37a\" data-element_type=\"widget\" data-e-type=\"widget\" data-widget_type=\"heading.default\">\n\t\t\t\t\t<h2 class=\"elementor-heading-title elementor-size-default\">Cada d\u00eda una ESPECIALIDAD DIFERENTE<\/h2>\t\t\t\t<\/div>\n\t\t\t\t<div class=\"elementor-element elementor-element-76ce786 elementor-widget elementor-widget-heading\" data-id=\"76ce786\" data-element_type=\"widget\" data-e-type=\"widget\" data-widget_type=\"heading.default\">\n\t\t\t\t\t<h2 class=\"elementor-heading-title elementor-size-default\">martes<br>martes<br>martes<\/h2>\t\t\t\t<\/div>\n\t\t\t\t<div class=\"elementor-element elementor-element-1035fb3 elementor-widget elementor-widget-heading\" data-id=\"1035fb3\" data-element_type=\"widget\" data-e-type=\"widget\" data-widget_type=\"heading.default\">\n\t\t\t\t\t<h1 class=\"elementor-heading-title elementor-size-default\">Chicken Tenders<\/h1>\t\t\t\t<\/div>\n\t\t\t\t<div class=\"elementor-element elementor-element-35fb5f4 elementor-widget elementor-widget-image\" data-id=\"35fb5f4\" data-element_type=\"widget\" data-e-type=\"widget\" data-widget_type=\"image.default\">\n\t\t\t\t\t\t\t\t\t\t\t\t\t\t\t<img loading=\"lazy\" decoding=\"async\" width=\"1536\" height=\"1024\" src=\"https:\/\/grupobasilico.com\/tenedorlibre\/wp-content\/uploads\/tenders4.png\" class=\"attachment-full size-full wp-image-390\" alt=\"\" srcset=\"https:\/\/grupobasilico.com\/tenedorlibre\/wp-content\/uploads\/tenders4.png 1536w, https:\/\/grupobasilico.com\/tenedorlibre\/wp-content\/uploads\/tenders4-300x200.png 300w, https:\/\/grupobasilico.com\/tenedorlibre\/wp-content\/uploads\/tenders4-1024x683.png 1024w, https:\/\/grupobasilico.com\/tenedorlibre\/wp-content\/uploads\/tenders4-768x512.png 768w\" sizes=\"(max-width: 1536px) 100vw, 1536px\" \/>\t\t\t\t\t\t\t\t\t\t\t\t\t\t\t<\/div>\n\t\t\t\t<\/div>\n\t\t<div class=\"elementor-element elementor-element-209173a e-con-full section e-flex e-con e-child\" data-id=\"209173a\" data-element_type=\"container\" data-e-type=\"container\">\n\t\t\t\t<div class=\"elementor-element elementor-element-84ef2c1 elementor-widget elementor-widget-heading\" data-id=\"84ef2c1\" data-element_type=\"widget\" data-e-type=\"widget\" data-widget_type=\"heading.default\">\n\t\t\t\t\t<h2 class=\"elementor-heading-title elementor-size-default\">Cada d\u00eda una ESPECIALIDAD DIFERENTE<\/h2>\t\t\t\t<\/div>\n\t\t\t\t<div class=\"elementor-element elementor-element-9237cf9 elementor-widget elementor-widget-heading\" data-id=\"9237cf9\" data-element_type=\"widget\" data-e-type=\"widget\" data-widget_type=\"heading.default\">\n\t\t\t\t\t<h2 class=\"elementor-heading-title elementor-size-default\">mi\u00e9rcoles<br>mi\u00e9rcoles<br>mi\u00e9rcoles<br>mi\u00e9rcoles<\/h2>\t\t\t\t<\/div>\n\t\t\t\t<div class=\"elementor-element elementor-element-3b148b2 elementor-widget elementor-widget-heading\" data-id=\"3b148b2\" data-element_type=\"widget\" data-e-type=\"widget\" data-widget_type=\"heading.default\">\n\t\t\t\t\t<h1 class=\"elementor-heading-title elementor-size-default\">Empanadas<\/h1>\t\t\t\t<\/div>\n\t\t\t\t<div class=\"elementor-element elementor-element-686af38 elementor-widget elementor-widget-image\" data-id=\"686af38\" data-element_type=\"widget\" data-e-type=\"widget\" data-widget_type=\"image.default\">\n\t\t\t\t\t\t\t\t\t\t\t\t\t\t\t<img loading=\"lazy\" decoding=\"async\" width=\"1536\" height=\"1024\" src=\"https:\/\/grupobasilico.com\/tenedorlibre\/wp-content\/uploads\/empanadas4.png\" class=\"attachment-full size-full wp-image-389\" alt=\"\" srcset=\"https:\/\/grupobasilico.com\/tenedorlibre\/wp-content\/uploads\/empanadas4.png 1536w, https:\/\/grupobasilico.com\/tenedorlibre\/wp-content\/uploads\/empanadas4-300x200.png 300w, https:\/\/grupobasilico.com\/tenedorlibre\/wp-content\/uploads\/empanadas4-1024x683.png 1024w, https:\/\/grupobasilico.com\/tenedorlibre\/wp-content\/uploads\/empanadas4-768x512.png 768w\" sizes=\"(max-width: 1536px) 100vw, 1536px\" \/>\t\t\t\t\t\t\t\t\t\t\t\t\t\t\t<\/div>\n\t\t\t\t<\/div>\n\t\t<div class=\"elementor-element elementor-element-0f20c40 e-con-full section e-flex e-con e-child\" data-id=\"0f20c40\" data-element_type=\"container\" data-e-type=\"container\">\n\t\t\t\t<div class=\"elementor-element elementor-element-748dbda elementor-widget elementor-widget-heading\" data-id=\"748dbda\" data-element_type=\"widget\" data-e-type=\"widget\" data-widget_type=\"heading.default\">\n\t\t\t\t\t<h2 class=\"elementor-heading-title elementor-size-default\">Cada d\u00eda una ESPECIALIDAD DIFERENTE<\/h2>\t\t\t\t<\/div>\n\t\t\t\t<div class=\"elementor-element elementor-element-244488d elementor-widget elementor-widget-heading\" data-id=\"244488d\" data-element_type=\"widget\" data-e-type=\"widget\" data-widget_type=\"heading.default\">\n\t\t\t\t\t<h2 class=\"elementor-heading-title elementor-size-default\">jueves<br>jueves<br>jueves<\/h2>\t\t\t\t<\/div>\n\t\t\t\t<div class=\"elementor-element elementor-element-80f03bd elementor-widget elementor-widget-heading\" data-id=\"80f03bd\" data-element_type=\"widget\" data-e-type=\"widget\" data-widget_type=\"heading.default\">\n\t\t\t\t\t<h1 class=\"elementor-heading-title elementor-size-default\">Lasagna<\/h1>\t\t\t\t<\/div>\n\t\t\t\t<div class=\"elementor-element elementor-element-e2cec8f elementor-widget elementor-widget-image\" data-id=\"e2cec8f\" data-element_type=\"widget\" data-e-type=\"widget\" data-widget_type=\"image.default\">\n\t\t\t\t\t\t\t\t\t\t\t\t\t\t\t<img loading=\"lazy\" decoding=\"async\" width=\"1536\" height=\"1024\" src=\"https:\/\/grupobasilico.com\/tenedorlibre\/wp-content\/uploads\/lasagna4.png\" class=\"attachment-full size-full wp-image-391\" alt=\"\" srcset=\"https:\/\/grupobasilico.com\/tenedorlibre\/wp-content\/uploads\/lasagna4.png 1536w, https:\/\/grupobasilico.com\/tenedorlibre\/wp-content\/uploads\/lasagna4-300x200.png 300w, https:\/\/grupobasilico.com\/tenedorlibre\/wp-content\/uploads\/lasagna4-1024x683.png 1024w, https:\/\/grupobasilico.com\/tenedorlibre\/wp-content\/uploads\/lasagna4-768x512.png 768w\" sizes=\"(max-width: 1536px) 100vw, 1536px\" \/>\t\t\t\t\t\t\t\t\t\t\t\t\t\t\t<\/div>\n\t\t\t\t<\/div>\n\t\t<div class=\"elementor-element elementor-element-0f71fe5 e-con-full section e-flex e-con e-child\" data-id=\"0f71fe5\" data-element_type=\"container\" data-e-type=\"container\">\n\t\t\t\t<div class=\"elementor-element elementor-element-30a4eeb elementor-widget elementor-widget-heading\" data-id=\"30a4eeb\" data-element_type=\"widget\" data-e-type=\"widget\" data-widget_type=\"heading.default\">\n\t\t\t\t\t<h2 class=\"elementor-heading-title elementor-size-default\">Cada d\u00eda una ESPECIALIDAD DIFERENTE<\/h2>\t\t\t\t<\/div>\n\t\t\t\t<div class=\"elementor-element elementor-element-43fe323 elementor-widget elementor-widget-heading\" data-id=\"43fe323\" data-element_type=\"widget\" data-e-type=\"widget\" data-widget_type=\"heading.default\">\n\t\t\t\t\t<h2 class=\"elementor-heading-title elementor-size-default\">viernes<br>viernes<br>viernes<\/h2>\t\t\t\t<\/div>\n\t\t\t\t<div class=\"elementor-element elementor-element-d6aa217 elementor-widget elementor-widget-heading\" data-id=\"d6aa217\" data-element_type=\"widget\" data-e-type=\"widget\" data-widget_type=\"heading.default\">\n\t\t\t\t\t<h1 class=\"elementor-heading-title elementor-size-default\">Hamburguesas<\/h1>\t\t\t\t<\/div>\n\t\t\t\t<div class=\"elementor-element elementor-element-0ec4c4f elementor-widget elementor-widget-image\" data-id=\"0ec4c4f\" data-element_type=\"widget\" data-e-type=\"widget\" data-widget_type=\"image.default\">\n\t\t\t\t\t\t\t\t\t\t\t\t\t\t\t<img loading=\"lazy\" decoding=\"async\" width=\"1536\" height=\"1024\" src=\"https:\/\/grupobasilico.com\/tenedorlibre\/wp-content\/uploads\/burguer4.png\" class=\"attachment-full size-full wp-image-388\" alt=\"\" srcset=\"https:\/\/grupobasilico.com\/tenedorlibre\/wp-content\/uploads\/burguer4.png 1536w, https:\/\/grupobasilico.com\/tenedorlibre\/wp-content\/uploads\/burguer4-300x200.png 300w, https:\/\/grupobasilico.com\/tenedorlibre\/wp-content\/uploads\/burguer4-1024x683.png 1024w, https:\/\/grupobasilico.com\/tenedorlibre\/wp-content\/uploads\/burguer4-768x512.png 768w\" sizes=\"(max-width: 1536px) 100vw, 1536px\" \/>\t\t\t\t\t\t\t\t\t\t\t\t\t\t\t<\/div>\n\t\t\t\t<\/div>\n\t\t<div class=\"elementor-element elementor-element-980779c e-con-full section e-flex e-con e-child\" data-id=\"980779c\" data-element_type=\"container\" data-e-type=\"container\">\n\t\t\t\t<div class=\"elementor-element elementor-element-ab359cf elementor-widget elementor-widget-heading\" data-id=\"ab359cf\" data-element_type=\"widget\" data-e-type=\"widget\" data-widget_type=\"heading.default\">\n\t\t\t\t\t<h2 class=\"elementor-heading-title elementor-size-default\">Cada d\u00eda una ESPECIALIDAD DIFERENTE<\/h2>\t\t\t\t<\/div>\n\t\t\t\t<div class=\"elementor-element elementor-element-4d21fb8 elementor-widget elementor-widget-heading\" data-id=\"4d21fb8\" data-element_type=\"widget\" data-e-type=\"widget\" data-widget_type=\"heading.default\">\n\t\t\t\t\t<h2 class=\"elementor-heading-title elementor-size-default\">s\u00e1bado<br>s\u00e1bado<br>s\u00e1bado<\/h2>\t\t\t\t<\/div>\n\t\t\t\t<div class=\"elementor-element elementor-element-a5bfe00 elementor-widget elementor-widget-heading\" data-id=\"a5bfe00\" data-element_type=\"widget\" data-e-type=\"widget\" data-widget_type=\"heading.default\">\n\t\t\t\t\t<h1 class=\"elementor-heading-title elementor-size-default\">Chicken Tenders<\/h1>\t\t\t\t<\/div>\n\t\t\t\t<div class=\"elementor-element elementor-element-c2fcd85 elementor-widget elementor-widget-image\" data-id=\"c2fcd85\" data-element_type=\"widget\" data-e-type=\"widget\" data-widget_type=\"image.default\">\n\t\t\t\t\t\t\t\t\t\t\t\t\t\t\t<img loading=\"lazy\" decoding=\"async\" width=\"1536\" height=\"1024\" src=\"https:\/\/grupobasilico.com\/tenedorlibre\/wp-content\/uploads\/tenders5-e1778086355552.png\" class=\"attachment-full size-full wp-image-458\" alt=\"\" srcset=\"https:\/\/grupobasilico.com\/tenedorlibre\/wp-content\/uploads\/tenders5-e1778086355552.png 1536w, https:\/\/grupobasilico.com\/tenedorlibre\/wp-content\/uploads\/tenders5-e1778086355552-300x200.png 300w, https:\/\/grupobasilico.com\/tenedorlibre\/wp-content\/uploads\/tenders5-e1778086355552-1024x683.png 1024w, https:\/\/grupobasilico.com\/tenedorlibre\/wp-content\/uploads\/tenders5-e1778086355552-768x512.png 768w\" sizes=\"(max-width: 1536px) 100vw, 1536px\" \/>\t\t\t\t\t\t\t\t\t\t\t\t\t\t\t<\/div>\n\t\t\t\t<\/div>\n\t\t<div class=\"elementor-element elementor-element-25544cc e-con-full section e-flex e-con e-child\" data-id=\"25544cc\" data-element_type=\"container\" data-e-type=\"container\">\n\t\t\t\t<div class=\"elementor-element elementor-element-05a4926 elementor-widget elementor-widget-image\" data-id=\"05a4926\" data-element_type=\"widget\" data-e-type=\"widget\" data-widget_type=\"image.default\">\n\t\t\t\t\t\t\t\t\t\t\t\t\t\t\t<img loading=\"lazy\" decoding=\"async\" width=\"622\" height=\"1024\" src=\"https:\/\/grupobasilico.com\/tenedorlibre\/wp-content\/uploads\/text5-622x1024.png\" class=\"attachment-large size-large wp-image-536\" alt=\"\" srcset=\"https:\/\/grupobasilico.com\/tenedorlibre\/wp-content\/uploads\/text5-622x1024.png 622w, https:\/\/grupobasilico.com\/tenedorlibre\/wp-content\/uploads\/text5-182x300.png 182w, https:\/\/grupobasilico.com\/tenedorlibre\/wp-content\/uploads\/text5-768x1264.png 768w, https:\/\/grupobasilico.com\/tenedorlibre\/wp-content\/uploads\/text5-933x1536.png 933w, https:\/\/grupobasilico.com\/tenedorlibre\/wp-content\/uploads\/text5.png 1080w\" sizes=\"(max-width: 622px) 100vw, 622px\" \/>\t\t\t\t\t\t\t\t\t\t\t\t\t\t\t<\/div>\n\t\t\t\t<div class=\"elementor-element elementor-element-b8c7315 elementor-align-center elementor-widget__width-inherit elementor-absolute elementor-widget elementor-widget-button\" data-id=\"b8c7315\" data-element_type=\"widget\" data-e-type=\"widget\" data-settings=\"{&quot;_position&quot;:&quot;absolute&quot;}\" data-widget_type=\"button.default\">\n\t\t\t\t\t\t\t\t\t\t<a class=\"elementor-button elementor-button-link elementor-size-sm\" href=\"http:\/\/bru.grupobasilico.com\">\n\t\t\t\t\t\t<span class=\"elementor-button-content-wrapper\">\n\t\t\t\t\t\t\t\t\t<span class=\"elementor-button-text\">VOLVER AL MEN\u00da<\/span>\n\t\t\t\t\t<\/span>\n\t\t\t\t\t<\/a>\n\t\t\t\t\t\t\t\t<\/div>\n\t\t\t\t<\/div>\n\t\t\t\t<\/div>\n\t\t\t\t<div class=\"elementor-element elementor-element-e35055f elementor-widget elementor-widget-html\" data-id=\"e35055f\" data-element_type=\"widget\" data-e-type=\"widget\" data-widget_type=\"html.default\">\n\t\t\t\t\t<style>\r\n\/*this code is used for background gradient*\/\r\n\/*================================*\/\r\n\/*==================================*\/\r\n#main-wrapper::after {\r\n  content: \"\";\r\n  position: absolute;\r\n  top:-50dvh;\r\n  left: 50%;\r\n  transform: translate(-50%);\r\n  width: 100%;\r\n  height: 100dvw;\r\n  \/* elliptical spotlight *\/\r\n   background: radial-gradient(at center center, #31D677 30%, #259B57 72%);\r\n\r\n  background: radial-gradient(\r\n    ellipse at center,\r\n    rgba(255, 255, 255, 0.2) 0%,\r\n    rgba(255, 255, 255, 0.2) 10%,\r\n    rgba(255, 255, 255, 0) 50%\r\n  );\r\n  pointer-events: none;\r\n}\r\n\r\n\/* Tablet (768px \u2013 1024px) *\/\r\n@media (max-width: 1024px) {\r\n  #main-wrapper::after {\r\n    top: -30dvh;\r\n    width: 120%;\r\n    height: 120dvh;\r\n    background: radial-gradient(\r\n      ellipse at center,\r\n      rgba(255, 255, 255, 0.15) 0%,\r\n      rgba(255, 255, 255, 0.15) 15%,\r\n      rgba(255, 255, 255, 0) 60%\r\n    );\r\n  }\r\n}\r\n\r\n\/* Mobile (up to 767px) *\/\r\n@media (max-width: 767px) {\r\n  #main-wrapper::after {\r\n    left: 65%;\r\n    top: -20dvh;\r\n    width: 150%;\r\n    height: 140dvh;\r\n    background: radial-gradient(\r\n      ellipse at center,\r\n      rgba(255, 255, 255, 0.15) 0%,\r\n      rgba(255, 255, 255, 0.15) 20%,\r\n      rgba(255, 255, 255, 0) 70%\r\n    );\r\n  }\r\n}\r\n\r\n\/*end of gradient code *\/\r\n\/*===================*\/\r\n\/*---------------------------------*\/\r\n\r\n.text-container {\r\n  position: fixed;\r\n  z-index: 9999;\r\n  pointer-events: none;\r\n}\r\n.text-container button,\r\n.text-container a {\r\n  pointer-events: auto;\r\n}\r\n<\/style>\r\n\r\n\r\n<script src=\"https:\/\/cdnjs.cloudflare.com\/ajax\/libs\/fullPage.js\/3.1.2\/fullpage.min.js\"><\/script>\r\n<script src=\"https:\/\/cdnjs.cloudflare.com\/ajax\/libs\/gsap\/3.11.3\/gsap.min.js\"><\/script>\r\n\r\n<script>\r\n  document.addEventListener(\"DOMContentLoaded\", function () {\r\n   const gradients = [\r\n      \"radial-gradient(at center center, #E59F24 30%, #B37A1B 72%)\", \/\/ LUNES - Ocre\r\n      \"radial-gradient(at center center, #014856 30%, #002B33 72%)\", \/\/ MARTES - Petr\u00f3leo\r\n      \"radial-gradient(at center center, #E59F24 30%, #B37A1B 72%)\", \/\/ MI\u00c9RCOLES - Ocre\r\n      \"radial-gradient(at center center, #014856 30%, #002B33 72%)\", \/\/ JUEVES - Petr\u00f3leo\r\n      \"radial-gradient(at center center, #E59F24 30%, #B37A1B 72%)\", \/\/ VIERNES - Ocre\r\n      \"radial-gradient(at center center, #014856 30%, #002B33 72%)\", \/\/ S\u00c1BADO - Petr\u00f3leo\r\n    ];\r\n    const smallest_scale = 0.5;\r\n\r\n    \/\/ set all sections initially to scale(0.7)\r\n    gsap.set(\"#img-container .section\", { scale: smallest_scale });\r\n\r\n    const fullpageInstance = new fullpage(\"#img-container\", {\r\n      scrollingSpeed: 1000,\r\n      autoScrolling: true,\r\n      scrollHorizontally: true,\r\n      navigation: false,\r\n\r\n      \/\/ When section loads\r\n      afterLoad: function (origin, destination) {\r\n        \/\/ grow the loaded section\r\n        gsap.to(destination.item, {\r\n          scale: 1,\r\n          duration: 0,\r\n          ease: \"power2.out\"\r\n        });\r\n      },\r\n\r\n      \/\/ Triggered when leaving a section\r\n      onLeave: function (origin, destination, direction) {\r\n        const toGradient = gradients[destination.index];\r\n\r\n        \/\/ Change background (instant switch between gradients)\r\n        gsap.to(\"#main-wrapper\", {\r\n          backgroundImage: toGradient,\r\n          duration: 0.5,\r\n          ease: \"none\"\r\n        });\r\n\r\n        \/\/ Shrink leaving section\r\n        gsap.to(origin.item, {\r\n          scale: smallest_scale,\r\n          duration: 0.6,\r\n          ease: \"power2.out\"\r\n        });\r\n\r\n        \/\/ Grow entering section\r\n        gsap.to(destination.item, {\r\n          scale: 1,\r\n          duration: 0.6,\r\n          ease: \"power2.out\"\r\n        });\r\n      }\r\n    });\r\n  });\r\n<\/script>\t\t\t\t<\/div>\n\t\t\t\t\t<\/div>\n\t\t\t\t<\/div>\n\t\t\t\t<\/div>\n\t\t","protected":false},"excerpt":{"rendered":"<p>Cada d\u00eda una ESPECIALIDAD DIFERENTE lunesluneslunes Camarones Empanizados Cada d\u00eda una ESPECIALIDAD DIFERENTE martesmartesmartes Chicken Tenders Cada d\u00eda una ESPECIALIDAD DIFERENTE mi\u00e9rcolesmi\u00e9rcolesmi\u00e9rcolesmi\u00e9rcoles Empanadas Cada d\u00eda una ESPECIALIDAD DIFERENTE juevesjuevesjueves Lasagna Cada d\u00eda una ESPECIALIDAD DIFERENTE viernesviernesviernes Hamburguesas Cada d\u00eda una ESPECIALIDAD DIFERENTE s\u00e1bados\u00e1bados\u00e1bado Chicken Tenders VOLVER AL MEN\u00da<\/p>\n","protected":false},"author":1,"featured_media":0,"parent":0,"menu_order":0,"comment_status":"closed","ping_status":"closed","template":"elementor_canvas","meta":{"footnotes":""},"class_list":["post-13","page","type-page","status-publish","hentry"],"_links":{"self":[{"href":"https:\/\/grupobasilico.com\/tenedorlibre\/wp-json\/wp\/v2\/pages\/13","targetHints":{"allow":["GET"]}}],"collection":[{"href":"https:\/\/grupobasilico.com\/tenedorlibre\/wp-json\/wp\/v2\/pages"}],"about":[{"href":"https:\/\/grupobasilico.com\/tenedorlibre\/wp-json\/wp\/v2\/types\/page"}],"author":[{"embeddable":true,"href":"https:\/\/grupobasilico.com\/tenedorlibre\/wp-json\/wp\/v2\/users\/1"}],"replies":[{"embeddable":true,"href":"https:\/\/grupobasilico.com\/tenedorlibre\/wp-json\/wp\/v2\/comments?post=13"}],"version-history":[{"count":488,"href":"https:\/\/grupobasilico.com\/tenedorlibre\/wp-json\/wp\/v2\/pages\/13\/revisions"}],"predecessor-version":[{"id":558,"href":"https:\/\/grupobasilico.com\/tenedorlibre\/wp-json\/wp\/v2\/pages\/13\/revisions\/558"}],"wp:attachment":[{"href":"https:\/\/grupobasilico.com\/tenedorlibre\/wp-json\/wp\/v2\/media?parent=13"}],"curies":[{"name":"wp","href":"https:\/\/api.w.org\/{rel}","templated":true}]}}